{"id":45,"date":"2026-03-18T11:10:10","date_gmt":"2026-03-18T11:10:10","guid":{"rendered":"https:\/\/wybexal.digital\/?page_id=45"},"modified":"2026-03-18T11:10:21","modified_gmt":"2026-03-18T11:10:21","slug":"impressum","status":"publish","type":"page","link":"https:\/\/wybexal.digital\/?page_id=45","title":{"rendered":"Impressum"},"content":{"rendered":"\n<p>Dieses Impressum regelt die rechtlichen Rahmenbedingungen f\u00fcr die Nutzung der Plattform <strong>wybexal<\/strong>, einem exklusiven Weinclub. Es erf\u00fcllt die Informationspflichten gem\u00e4\u00df \u00a7 5 des Telemediengesetzes (TMG) sowie \u00a7 55 des Rundfunkstaatsvertrages (RStV).<\/p>\n\n\n\n<p><strong>ANGABEN ZUM BETREIBER<\/strong><\/p>\n\n\n\n<ul class=\"wp-block-list\">\n<li><strong>Verantwortlicher Inhaber:<\/strong> Ahmet Emin Elbir<\/li>\n\n\n\n<li><strong>Sitz des Weinclubs:<\/strong> Kurf\u00fcrstenstra\u00dfe 1, 36381 Schl\u00fcchtern, Deutschland<\/li>\n\n\n\n<li><strong>Umsatzsteuer-Identifikationsnummer:<\/strong> DE439302394 (gem\u00e4\u00df \u00a7 27 a Umsatzsteuergesetz)<\/li>\n\n\n\n<li><strong>Markenname:<\/strong> wybexal<\/li>\n\n\n\n<li><strong>Offizieller Kontakt:<\/strong> <strong>support@wybexal.digital<\/strong><\/li>\n<\/ul>\n\n\n\n<p><strong>HAFTUNGSAUSSCHLUSS UND URHEBERRECHT<\/strong> Ahmet Emin Elbir \u00fcbernimmt keine Gew\u00e4hr f\u00fcr die Aktualit\u00e4t, Korrektheit oder Vollst\u00e4ndigkeit der bereitgestellten Informationen zu Weinjahrg\u00e4ngen, Terroirs oder Degustationsnotizen. Haftungsanspr\u00fcche, welche sich auf Sch\u00e4den materieller oder ideeller Art beziehen, die durch die Nutzung der dargebotenen Informationen verursacht wurden, sind grunds\u00e4tzlich ausgeschlossen. Alle auf wybexal ver\u00f6ffentlichten Texte, Bilder von Weinflaschen und Grafiken unterliegen dem deutschen Urheberrecht. Eine Vervielf\u00e4ltigung oder Verwendung in anderen elektronischen oder gedruckten Publikationen ist ohne ausdr\u00fcckliche Zustimmung nicht gestattet.<\/p>\n","protected":false},"excerpt":{"rendered":"<p>Dieses Impressum regelt die rechtlichen Rahmenbedingungen f\u00fcr die Nutzung der Plattform wybexal, einem exklusiven Weinclub.<\/p>\n","protected":false},"author":1,"featured_media":0,"parent":0,"menu_order":6,"comment_status":"closed","ping_status":"closed","template":"","meta":{"footnotes":""},"class_list":["post-45","page","type-page","status-publish","hentry"],"_links":{"self":[{"href":"https:\/\/wybexal.digital\/index.php?rest_route=\/wp\/v2\/pages\/45","targetHints":{"allow":["GET"]}}],"collection":[{"href":"https:\/\/wybexal.digital\/index.php?rest_route=\/wp\/v2\/pages"}],"about":[{"href":"https:\/\/wybexal.digital\/index.php?rest_route=\/wp\/v2\/types\/page"}],"author":[{"embeddable":true,"href":"https:\/\/wybexal.digital\/index.php?rest_route=\/wp\/v2\/users\/1"}],"replies":[{"embeddable":true,"href":"https:\/\/wybexal.digital\/index.php?rest_route=%2Fwp%2Fv2%2Fcomments&post=45"}],"version-history":[{"count":1,"href":"https:\/\/wybexal.digital\/index.php?rest_route=\/wp\/v2\/pages\/45\/revisions"}],"predecessor-version":[{"id":46,"href":"https:\/\/wybexal.digital\/index.php?rest_route=\/wp\/v2\/pages\/45\/revisions\/46"}],"wp:attachment":[{"href":"https:\/\/wybexal.digital\/index.php?rest_route=%2Fwp%2Fv2%2Fmedia&parent=45"}],"curies":[{"name":"wp","href":"https:\/\/api.w.org\/{rel}","templated":true}]}}